4*l - 9 - n. Let q = -3 + l. What is the greatest common divisor of 3 and q?
1
Let h = -18 + 45. Calculate the greatest common divisor of 18 and h.
9
Let y = -28 + 36. Calculate the highest common divisor of 88 and y.
8
Suppose -3*y - 26 + 170 = 0. What is the greatest common divisor of y and 16?
16
Suppose -5*g + 20 = 0, 2*m + 4*g - 28 = -g. What is the greatest common factor of 8 and m?
4
Suppose 0*l = l - 55. Let g = l + -31. Calculate the greatest common divisor of 3 and g.
3
Let i(m) = 4*m - 8. Let y be i(6). Suppose w - 3 = 1. Suppose x - 149 = -2*x - j, -2*x - w*j = -116. What is the greatest common factor of x and y?
16
Suppose 0*w + 4*w - 100 = 0. What is the highest common factor of 25 and w?
25
Let x(z) = 5*z + 1. Let o be x(-2). Let m = o - -20. What is the highest common divisor of m and 55?
11
Suppose -3*b - 3 = -4*b. Suppose -3*l + 0*r = 5*r + 18, 5*r + 12 = b*l. Let a be 5/l*48/(-20). Calculate the greatest common factor of a and 18.
6
Let u(v) = 4*v**3 - v**2 + v. Let r be u(1). Calculate the highest common divisor of 2 and r.
2
Suppose 3*q + 15 = 0, 63 = -5*h + 9*h + q. Calculate the greatest common factor of 255 and h.
17
Let c(h) = h**3 - 4*h**2 - h + 5. Let d be c(4). Let j be 1/(0 - d) + 2. Let w be (-94)/(-4) - j/(-2). Calculate the greatest common factor of 6 and w.
6
Let x be (-1659)/(-12) + (-3)/12. What is the highest common divisor of 92 and x?
46
Let c(d) = 3*d**3 - 5*d**2 + 2*d - 1. Let h be c(3). Suppose -5*n - h = 44. Let k be n*(1 + 4/(-2)). Calculate the greatest common divisor of 34 and k.
17
Suppose 0 = 7*v - 7 - 112. Calculate the greatest common divisor of 102 and v.
17
Let f(l) = l**3 + 5*l**2 + 3*l - 3. Let w be f(-4). Suppose 3*g + x = -2, g - 4*g + 5*x = 8. Let z = w - g. What is the highest common factor of 16 and z?
2
Suppose 126 = 5*u + g, -4*g - 120 = 2*u - 6*u. Suppose 4*q = 3*q + 39. Calculate the greatest common divisor of q and u.
13
Let v(r) = r**2. Let y = -14 - -20. Let z be v(y). Calculate the greatest common divisor of 9 and z.
9
Let p = -12 - -52. What is the greatest common divisor of p and 30?
10
Let b be (1/(6/(-9)))/(2/(-32)). Calculate the highest common divisor of b and 60.
12
Let g(x) = -3*x + 19. Let d be g(6). What is the highest common divisor of d and 4?
1
Let t be (-16)/40 - (-1078)/(-5). Let x be (2/(-4))/(2/t). Calculate the greatest common divisor of 18 and x.
18
Let c be (0 - (-2 + 2))/(-1). Suppose g - 3 = -c. Let d = -1 + 22. What is the highest common divisor of g and d?
3
Let x(t) = 14*t**2 + 4*t + 2. Let l be x(-2). Suppose -5*o + 5*i = -85, -5*o - 4*i = -67 - 45. Calculate the highest common factor of o and l.
10
Suppose 2*g + 14 = -0*g. Let k be (0 + -2)*(g - 2). Suppose 2*t = 5*p - 181 + 38, 4*p - 100 = -2*t. Calculate the greatest common divisor of k and p.
9
Let r(i) = 4*i - 9. Let y be r(6). Suppose c = -4, -c = -h - 2*c - 2. Let m be 754/10 + h/(-5). Calculate the highest common divisor of y and m.
15
Let l be (-59)/(-1 + 0) - -1. Suppose 0 = -2*p + l + 120. Calculate the highest common divisor of p and 10.
10
Suppose -x + 848 = -5*x. Let m = -140 - x. What is the highest common factor of m and 18?
18
Suppose 2*q - 170 = q. Let k = -105 + q. Let t be ((-13)/2)/(1/(-2)). What is the highest common factor of t and k?
13
Suppose -18*c + 63 - 9 = 0. Calculate the greatest common factor of c and 3.
3
Let z(d) = -21*d - 4. Let v be z(-4). Let k(j) = 8*j. Let q be k(4). What is the highest common divisor of v and q?
16
Suppose -4*b = -0*b + 12. Let r be 2/6 - (-58)/b. Let u = -13 - r. Calculate the greatest common divisor of u and 42.
6
Suppose 8*o - 3*o = 440. What is the greatest common factor of 11 and o?
11
Let a = 45 + -9. Let v be 3/12*2*a. Calculate the greatest common divisor of 126 and v.
18
Suppose -4*a = -6*a + 70. Let h = 27 - 13. What is the highest common factor of h and a?
7
Suppose -4*z - 30 = -z. Let v = 15 + z. What is the highest common divisor of v and 35?
5
Let c = 50 + -35. Calculate the highest common factor of c and 195.
15
Let f(m) = -5*m + 61. Let x be f(7). Calculate the highest common divisor of 65 and x.
13
Let a(q) be the second derivative of -14*q**3/3 - 2*q**2 + 3*q. Let i be a(-8). Calculate the highest common factor of 20 and i.
20
Let l be 244/8 - 2/4. Suppose -45 = 4*z - 7*z. Let i be 1*-10*z/(-2). Calculate the greatest common factor of i and l.
15
Suppose 1 = x - 0. Let d be 3/(-2)*(-2)/x. Let p be d/(-5)*(0 - 15). What is the greatest common factor of p and 27?
9
Let y(p) = p**2 - 16*p + 25. Let t be y(16). What is the greatest common divisor of 175 and t?
25
Suppose 0 = -3*c + 9, 3*o = -c - 33 + 276. Suppose 0 = 5*q - 2*q - 81. Suppose 4*v - 13 = q. Calculate the highest common factor of v and o.
10
Let j = 8 + -6. Let x = -551 - -555. Calculate the greatest common factor of j and x.
2
Suppose -3*k - 6 - 3 = 0. Let l = 2 - k. Suppose l*h - 255 = -4*v, 230 = 3*v + h - 5*h. Calculate the greatest common divisor of v and 28.
14
Let j = -29 - -23. Let n be -12 + (-1 - -1*2). Let m = j - n. Calculate the greatest common divisor of m and 20.
5
Let l be (0 - -1)/((-2)/(-26)). Let s = 62 + -39. Let u = s - l. What is the greatest common factor of u and 10?
10
Let p be 1170/52 + 3*1/2. Calculate the highest common divisor of 60 and p.
12
Let t(i) = -i + 6. Let u(m) = m - 7. Let o(b) = 4*t(b) + 3*u(b). Let p be o(-3). Calculate the highest common factor of 24 and p.
6
Let w = 16 - 9. Calculate the greatest common factor of 49 and w.
7
Let m(o) = o**3 - 4*o**2 - 2*o + 3. Let q be m(4). Let s = -2 - q. Suppose c = 5*x + s*c - 2, -4 = c. Calculate the highest common divisor of x and 2.
2
Let k(y) = y**2 - 4*y - 2. Let n be k(8). Let t(v) = -3*v - 5. Let s be t(-5). What is the greatest common divisor of n and s?
10
Let w = 64 - 388. Let x = w + 456. Calculate the greatest common factor of 12 and x.
12
Suppose 66 = 8*j - 62. What is the greatest common factor of 4 and j?
4
Let k be 24*((-7)/56)/(1/(-6)). What is the highest common factor of 306 and k?
18
Let p = -10 + 15. Let x = -1 + p. Calculate the highest common divisor of x and 8.
4
Suppose -u = 2*n - 3*u - 104, 5*n + 5*u = 260. Suppose -4*a = -2*h - 120, -30 = -a - 4*h + 18. Let s = n - a. What is the highest common divisor of 10 and s?
10
Let m be (0 - 6)*(-8)/6. What is the greatest common factor of m and 8?
8
Let h(z) = -6 + 11*z - 13*z + 4*z. Let x be h(9). What is the greatest common factor of 12 and x?
12
Let z = -1 + 19. What is the highest common factor of z and 126?
18
Let j = -10 - -9. Let m = 15 + j. Calculate the greatest common divisor of 14 and m.
14
Suppose 0 = 2*w - 0*w + 5*x - 52, -3*w + 2*x + 59 = 0. Suppose 14*p = 16*p - 42. Calculate the highest common divisor of p and w.
21
Let t be (8/(-5))/(1/(-5)). Let v be (-6 + 1)*t/(-10). Suppose -v*l + 9*l + 5 = 0, 0 = -3*a - 3*l + 294. What is the highest common factor of 9 and a?
9
Let r be 4/22 + 93/33. Suppose b + 2*w = 11, r*b - 3*w + 4*w - 43 = 0. What is the greatest common divisor of 6 and b?
3
Let h(y) = 2*y**3 + 2*y**2 - 2*y - 2. Let g be h(3). Suppose c - 448 = -27*c. Calculate the greatest common factor of g and c.
16
Suppose -w - 4 = z, -3*z + 0*z + 8 = -w. Calculate the greatest common factor of 7 and z.
1
Suppose 26 - 86 = 3*p. Let b be 1/(1 + -3)*p. What is the greatest common divisor of b and 2?
2
Let k = 38 - 37. Calculate the greatest common factor of 11 and k.
1
Let o = 12 + 11. Let h = o + -15. Calculate the greatest common divisor of 1 and h.
1
Let f = 166 - -95. What is the highest common divisor of 29 and f?
29
Let q(y) = -y**3 - 2*y**2 + y + 6. Let c be q(-6). Calculate the greatest common factor of c and 16.
16
Suppose -174 = -4*h + 46. Calculate the greatest common factor of 22 and h.
11
Let z = 131 + -76. Suppose -5*d - 2 = -a + 3, -3*a + d = -15. Calculate the highest common factor of a and z.
5
Suppose 83 = 5*l - 42. Let i be ((-20)/l)/((-2)/15). What is the greatest common factor of 2 and i?
2
Let z = 4 - 4. Let f(b) = b**2 - b + 21. Let n be f(z). Calculate the highest common divisor of 231 and n.
21
Let b(r) = 7*r**2 - r + 4. Let c be b(-2). Suppose 0 = 2*g + 15 - 185. What is the greatest common factor of g and c?
17
Let h = 120 - 102. Calculate the greatest common factor of h and 36.
18